6)/30 - 8/(-42)).
3, 5, 7
Let o(y) = -y**2 + 15*y - 9. Let t(v) = -1. Let c(w) = o(w) + 2*t(w). List the prime factors of c(10).
3, 13
Let z be 370 - 4/((-4)/3). Let k = z - 203. Suppose 2*s + 0*s + 3*f - 72 = 0, 5*s + 5*f = k. What are the prime factors of s?
2, 3, 5
Suppose -3*t - 1015 = 401. Let u = t + 739. List the prime factors of u.
3, 89
Let f be (-1)/(-5) + 7249/55. Suppose 3*u + r + 22 = f, u + 5*r - 32 = 0. What are the prime factors of u?
37
Let m(g) = 324*g - 91. List the prime factors of m(6).
17, 109
Let y(d) = -2*d**3 - 46*d**2 - 48*d + 32. List the prime factors of y(-22).
2, 3, 5
Let d be (-4)/2*(-1)/2. List the prime factors of (-42)/(-147) - (d - (-439)/(-7)).
2, 31
Let f = -3187 - -6618. List the prime factors of f.
47, 73
Let c = 769 - -1130. What are the prime factors of c?
3, 211
Let c = -54 - -53. What are the prime factors of (0 - c) + (12 - -39)?
2, 13
Suppose -7*m + d - 929 = -12*m, 185 = m + d. What are the prime factors of m?
2, 3, 31
Suppose m + 340 = 2*g, -g + 5*m = -5*g + 652. List the prime factors of g/9*((-22)/(-7) - -2).
2, 3
Let d(k) be the third derivative of -k**5/60 + 3*k**4/8 + 5*k**3/3 - 7*k**2. Let v be d(11). What are the prime factors of (v/(-8))/((-3)/(-76))?
2, 19
Let p be 3*((-20)/12 + -4). Let i be (-58 - 0) + (p - -19). What are the prime factors of i/12*36/(-7)?
2, 3
Let w(t) = t**2 - 3*t + 3. Let p be w(-3). Let r = p - 12. Suppose -r = -5*k + 11. What are the prime factors of k?
2
Suppose -16322 = 9*z - 60332. What are the prime factors of z?
2, 3, 5, 163
Suppose 242 = -4*c + 42. Let y(w) = -3*w**2 + 4*w + 1. Let z be y(3). What are the prime factors of c/(-4) - (-7)/z?
2, 3
Suppose -8*t - 56 = 312. Let g = t + 157. What are the prime factors of g?
3, 37
Let h = 35 + -43. List the prime factors of (-1298)/h + (-3 - 44/(-16)).
2, 3
Let l be 2/8 + 32227/148. Suppose 0 = -o - 4*o + 5*k + 1060, k - l = -o. What are the prime factors of o?
5, 43
Let m = 362 - -762. List the prime factors of m.
2, 281
Suppose -4*b + 12 + 48 = 0. Suppose b = 5*h, 4*w + 2*h - 4*h - 226 = 0. Let o = -35 + w. What are the prime factors of o?
23
Suppose 8 = 2*m + 2*m - w, -4*m - 2*w = 4. Suppose 2*g - m = 7, -3*n - 3*g + 210 = 0. Suppose 4*p - 30 = n. List the prime factors of p.
2, 3
Suppose 1 - 11 = -2*x. Let c(y) = 2*y**2 - 7*y + 1. List the prime factors of c(x).
2
Suppose g = -2*k + 3*g, -k - 15 = 4*g. Let a be 13 + 3 + -3 + k. What are the prime factors of 404/a + (-12)/(-20)?
41
Let u(p) = -p**3 + 7*p**2 - 4*p - 4. Let s be u(4). Suppose -2*g + g + 5*w = -23, -4*w = -2*g + s. Suppose -6 = -m + g. List the prime factors of m.
2, 7
Let m(c) = -c - 1. Let b be m(0). Let u be (-1*(8 - 3))/b. Suppose 18 = -u*p + 43. What are the prime factors of p?
5
Let l be (64/20)/(1/20). Suppose 76 = 4*n - l. List the prime factors of n.
5, 7
Let f(w) = 13 + 4*w**3 - 5*w**2 - 8*w - 4*w**3 - w**3 + 2*w**3. List the prime factors of f(8).
3, 47
Let j be (4 + -1)/((-51)/34). Let d(q) = 2*q + 6. Let g be d(-7). Let f = j - g. List the prime factors of f.
2, 3
What are the prime factors of 1 + -3 - (-294 - -5)?
7, 41
Suppose 0 = 4*m + 20 + 12. Let j = 12 + m. Suppose -j*d + 35 - 13 = v, -2*v + 3*d = 0. List the prime factors of v.
2, 3
Let r(g) = -2 - 16*g + 11*g**2 + 4*g + 3*g. List the prime factors of r(4).
2, 3, 23
Let q = -66 - -117. Let l = -44 + q. What are the prime factors of l?
7
Suppose -178*b = -183*b + 10. Suppose -b*s + 3*s = 70. List the prime factors of s.
2, 5, 7
Suppose 0 = 3*m - 1 - 2. Let l be (0/(m - 0))/(-3). What are the prime factors of 5 + 28 - l/1?
3, 11
Let n(c) = -62*c + 2. Suppose -10 = 8*q + 2*q. List the prime factors of n(q).
2
Let c = -130 + 134. Let q(g) = 3 + 12*g + 6 - 3. List the prime factors of q(c).
2, 3
Suppose 4*p + 3 = -3*m, 2*p - 2*m = m + 3. Suppose 4*z = 2*k - 14, 3*k - z + 34 = 40. Suppose 0 = -4*d + 2*l + 2, p*d = -d + l - k. List the prime factors of d.
2
Suppose 321*f - 29370 = 306*f. List the prime factors of f.
2, 11, 89
Let l = -7 + 965. What are the prime factors of l?
2, 479
Let j(s) = 22*s - 16. What are the prime factors of j(10)?
2, 3, 17
Let k = -105 + 263. List the prime factors of k.
2, 79
Let y(v) = 57*v - 8. Let p(n) = -114*n + 17. Let b(q) = 2*p(q) + 5*y(q). List the prime factors of b(3).
3, 5, 11
Let i be (79 - 0) + -1 + (47 - 49). Suppose 6*a - 356 - i = 0. List the prime factors of a.
2, 3
Let t(c) = -c**2 - 8*c - 3. Suppose -3*x = 3*j + 15, 2*x = 3*j - 0*x + 25. Let o be t(j). Suppose 7 = o*r - 97. List the prime factors of r.
2, 13
Suppose -8079 = -28*p + 25*p. List the prime factors of p.
2693
Let a be (272/(-12))/((-4)/6). Suppose -5*z - 4 = -4*d + a, 0 = -3*d + 2*z + 25. Suppose 0 = -m - d + 39. What are the prime factors of m?
2
Suppose -4*r + 4 = -20. Suppose s - r*s - 3*o = -237, 0 = 3*s - o - 145. Let g = s + -15. What are the prime factors of g?
3, 11
Suppose -4*b + 4435 = 3*v, 32*v - 4*b = 30*v + 2970. What are the prime factors of v?
1481
Let j(y) = -20*y. Let c be j(-1). Suppose -5*g - 17 - 39 = -n, -2*n - c = g. List the prime factors of g*(0 - 1/2).
2, 3
Let i(j) = 2*j**2 + 4*j + 2. Let h be i(-3). Let x = 11 - h. Suppose -3*g - x = 4*w - 11, 5*w = -5. What are the prime factors of g?
2
Suppose -11*j + 7844 = 4*l - 6*j, 3*l + 3*j = 5880. What are the prime factors of l?
2, 3, 163
Let t be 18/(-4)*(-14)/21. Let x be (-8 + 29)*1/t. List the prime factors of 1*4 + (-14)/x.
2
Let i = -8 - -13. Let g be (-3)/15 - (-16)/i. List the prime factors of 12 - 0/(g/1).
2, 3
Let l be 10*(1 - 1/2). Suppose 0 = h - l*q - 17, h + 2*q = 2*h - 8. Suppose 5*a - 60 = -h*y, 8*a + 3*y - 55 = 3*a. List the prime factors of a.
2, 7
Let o = 9446 + -6378. List the prime factors of o.
2, 13, 59
Let p = -8 - -13. Suppose 3*w - p*l - 25 = -w, 5*l + 10 = w. Suppose -5*g + g = w*m - 146, 0 = 2*m + 2*g - 60. List the prime factors of m.
2, 13
Let a(f) = -f**3 - 4*f**2 + 3*f - 12. Let n be a(-5). Let i(t) = -6*t**3 + 2*t**2 + 12*t + 20. List the prime factors of i(n).
2, 13
Let b(w) be the first derivative of -w**3/6 + 7*w**2 + w + 4. Let i(z) be the first derivative of b(z). What are the prime factors of i(7)?
7
Suppose -3*f + 12 = -0*f. Suppose -2*j + 47 = -111. Suppose -j = -4*p + 2*p + r, f*r = -4. What are the prime factors of p?
3, 13
List the prime factors of (-12)/(-108)*1 - 16631/(-9).
2, 3, 7, 11
Let c(t) = 3*t**3 - 2*t**2 + 2*t + 1. Let j be c(-2). Let w = j - -67. What are the prime factors of w?
2
Let p = 3 + -7. Let d be (-6)/p*(-196)/(-6). List the prime factors of d + (4 + 2)/3.
3, 17
Suppose 1964 = 4*y + d, -3*y + d = -3*d - 1454. What are the prime factors of y?
2, 5, 7
Let z = -8 - -5. What are the prime factors of (-74)/z*(-30)/(-20)?
37
What are the prime factors of ((-8392)/(-14))/(7/(-343)*-7)?
2, 1049
Suppose 2*o = 3*o + 4*o. Suppose 0 = -o*n + 9*n - 1116. What are the prime factors of n?
2, 31
Suppose 2*r + 4*u - 1064 = 0, r + 142 = 3*u + 699. What are the prime factors of r?
2, 271
List the prime factors of -6 - (-262 - 1 - 3).
2, 5, 13
Suppose 4*b = -v + 46, 0 = 5*v + 5 + 5. Let d = 17 - b. Let m(c) = c**3 - 2*c**2 - 3*c - 7. List the prime factors of m(d).
53
Suppose 4*h - 870 = -5*o, 2*h + 5*o + 205 = 3*h. Suppose 0 = 5*m + 4*t - 2714, 0 = -5*m - 5*t + h + 2495. List the prime factors of 9/(-15) + m/10.
2, 3
Suppose 0*a + 3*a = 54. Suppose 322 = 20*m - a*m. What are the prime factors of m?
7, 23
Suppose 47 = -3*r + 437. Suppose -4*n = 2*s - r - 36, 207 = 5*n + 2*s. List the prime factors of n.
41
Let n(y) = -3*y + 5 + 4 - 7*y + 2*y. List the prime factors of n(-7).
5, 13
Suppose 2*y - 1 = -7. Let m(s) = 2*s + 9. What are the prime factors of m(y)?
3
Let f = -27 + 30. Suppose -f*q + 117 = -5*x - 59, -98 = 3*x + 2*q. List the prime factors of 385/9 + x/(-153).
43
Suppose 0 = -0*b - 5*b + 3*k - 22, -b + 6 = 2*k. Let l be 1/b - (-3)/(-2). What are the prime factors of 3 + 3/1 + l?
2
Suppose 3*v = 4*v - 5. Let r = 0 + v. Suppose r*h - 3*h - 10 = 0. What are the prime factors of h?
5
Suppose -409*l = -371*l - 210748. What are the prime factors of l?
2, 47, 59
Let j(k) = -35*k**3 - 4. Let w be j(2). Let n = -183 - w. List the prime factors of n.
101
Suppose 8*j - 49*j + 31693 = 0. What are the prime factors of j?
773
Suppose 2*c + 0*c = 18. Suppose -c*b + 209